 composite?
False
Is 339047483 prime?
True
Is 31136327 a prime number?
True
Is 22493881 composite?
False
Is 809339 a composite number?
False
Is 663697 composite?
True
Is 11400771 prime?
False
Is 53986907 composite?
True
Is 86502439 a composite number?
False
Is 10106477 prime?
True
Is 6179113 composite?
False
Is 2367487 a composite number?
False
Is 2160833 composite?
False
Is 13073057 a composite number?
False
Is 110589461 a composite number?
False
Is 25358911 composite?
False
Is 164743653 a prime number?
False
Is 1768103 a composite number?
True
Is 800981859 a composite number?
True
Is 1095149 a prime number?
False
Is 29309101 a prime number?
False
Is 34374583 a composite number?
False
Is 304332933 prime?
False
Is 110872051 a prime number?
True
Is 58145803 prime?
True
Is 973987421 prime?
False
Is 72317591 a composite number?
True
Is 58738153 a prime number?
True
Is 433006699 a prime number?
False
Is 942806 composite?
True
Is 48383 composite?
False
Is 11706873 prime?
False
Is 2477067 composite?
True
Is 52872191 a prime number?
False
Is 2249551 prime?
False
Is 15244945 a composite number?
True
Is 286804759 a composite number?
False
Is 2488469 prime?
True
Is 1477393 prime?
True
Is 29458659 a prime number?
False
Is 285545269 prime?
True
Is 447963623 a composite number?
True
Is 92069543 a composite number?
False
Is 9907927 composite?
True
Is 344646103 composite?
True
Is 6574207 a composite number?
False
Is 6119233 prime?
True
Is 2597489 a composite number?
False
Is 77188439 prime?
True
Is 13819711 a prime number?
False
Is 9651009 prime?
False
Is 14927011 a composite number?
True
Is 22881293 a prime number?
True
Is 2174533 a prime number?
True
Is 10655753 prime?
False
Is 4937899 a composite number?
False
Is 4100879 a prime number?
True
Is 12093479 a composite number?
False
Is 1042241 a prime number?
True
Is 1615909 prime?
False
Is 303331097 composite?
True
Is 4021991 composite?
True
Is 16211887 a composite number?
True
Is 403720987 a composite number?
True
Is 4593989 a composite number?
True
Is 41500787 a composite number?
False
Is 1500959 a prime number?
False
Is 4457407 a prime number?
True
Is 98402951 composite?
True
Is 74839 prime?
False
Is 1683779 a composite number?
False
Is 47015203 a prime number?
True
Is 15074 composite?
True
Is 46071439 a prime number?
False
Is 593463769 a composite number?
True
Is 270805453 composite?
False
Is 15061589 a composite number?
True
Is 88219541 a prime number?
False
Is 106242629 composite?
True
Is 5120771 a prime number?
False
Is 5784029 a composite number?
True
Is 419439 a composite number?
True
Is 649029889 a prime number?
False
Is 38011453 composite?
False
Is 277142669 composite?
False
Is 139335387 a prime number?
False
Is 37732213 a prime number?
False
Is 11799289 prime?
True
Is 148229 a composite number?
False
Is 812354041 composite?
False
Is 2721247 a composite number?
False
Is 14880571 a composite number?
True
Is 867311 a prime number?
False
Is 6792599 composite?
True
Is 516939197 composite?
True
Is 15212557 composite?
False
Is 226387859 composite?
True
Is 138868229 composite?
True
Is 111422531 composite?
True
Is 29794181 a prime number?
True
Is 7455167 prime?
False
Is 23624654 a composite number?
True
Is 16931279 composite?
False
Is 3437585 a prime number?
False
Is 51666271 prime?
True
Is 183649039 composite?
True
Is 114070163 prime?
True
Is 12916843 prime?
True
Is 9849941 a prime number?
True
Is 3640613 a composite number?
True
Is 1688837 composite?
False
Is 200959 composite?
True
Is 158599799 a prime number?
True
Is 8634809 prime?
False
Is 325283242 prime?
False
Is 833905 a prime number?
False
Is 344789 a composite number?
True
Is 168199327 composite?
False
Is 12898979 a prime number?
True
Is 114267661 prime?
False
Is 333517 a composite number?
False
Is 7918849 composite?
True
Is 109780459 a prime number?
True
Is 157717921 composite?
True
Is 3281011 a composite number?
False
Is 541243 a prime number?
False
Is 23866081 composite?
True
Is 1517861 composite?
True
Is 365411 prime?
True
Is 3069233 composite?
False
Is 4914321 prime?
False
Is 225730771 prime?
False
Is 20723797 a prime number?
False
Is 39360877 a prime number?
True
Is 21794315 composite?
True
Is 1651657 a composite number?
True
Is 2203847 composite?
True
Is 2220161 a prime number?
False
Is 6122569 a prime number?
True
Is 3362217 composite?
True
Is 9139189 prime?
False
Is 2606979 a prime number?
False
Is 3558221 composite?
False
Is 106895513 prime?
False
Is 5130989 a prime number?
True
Is 434771 a composite number?
True
Is 78871222 prime?
False
Is 3685417 a composite number?
False
Is 38947057 a composite number?
True
Is 59152549 prime?
True
Is 88301 prime?
True
Is 17052443 prime?
False
Is 14704817 composite?
False
Is 1109723 a composite number?
False
Is 39799313 a prime number?
False
Is 882053 a prime number?
False
Is 50827021 prime?
False
Is 39332243 a composite number?
True
Is 8957099 a composite number?
True
Is 34116167 a composite number?
True
Is 19878281 a prime number?
False
Is 6219321 a composite number?
True
Is 23960927 a prime number?
True
Is 993563 a composite number?
True
Is 9759703 prime?
False
Is 1424211 prime?
False
Is 6918091 prime?
True
Is 9741115 prime?
False
Is 5044327 a prime number?
False
Is 34512833 a prime number?
True
Is 1544159 composite?
False
Is 151153853 a composite number?
False
Is 2839673 composite?
True
Is 2034661 a composite number?
False
Is 3029071 composite?
False
Is 43437379 a composite number?
True
Is 19406557 a composite number?
False
Is 17039963 prime?
False
Is 20499445 a prime number?
False
Is 2658977 prime?
True
Is 31977721 composite?
False
Is 20672437 a composite number?
True
Is 612442795 a composite number?
True
Is 2212111 prime?
False
Is 90016247 composite?
False
Is 12268829 a composite number?
False
Is 3752759 a composite number?
False
Is 12927017 a prime number?
True
Is 131013031 composite?
False
Is 15591479 prime?
True
Is 132407747 a composite number?
True
Is 51220619 a composite number?
True
Is 17934239 a prime number?
False
Is 344777171 a composite number?
False
Is 369505813 composite?
False
Is 8591473 a prime number?
False
Is 146302735 composite?
True
Is 4740601 a prime number?
False
Is 31407451 prime?
True
Is 67774051 a composite number?
True
Is 1951553 a prime number?
True
Is 509686651 a prime number?
True
Is 5144113 a composite number?
True
Is 2339381 a prime number?
False
Is 9518053 composite?
False
Is 24889009 prime?
False
Is 3648643 a composite number?
False
Is 15930197 a prime number?
True
Is 303157919 a prime number?
True
Is 9642547 composite?
True
Is 222452161 a composite number?
True
Is 5330657 a composite number?
False
Is 1152417751 composite?
False
Is 45613531 composite?
True
Is 107441 a prime number?
True
Is 69893381 composite?
True
Is 13093427 a composite number?
False
Is 53033 a composite number?
True
Is 68751019 prime?
False
Is 104171701 composite?
True
Is 7994519 prime?
False
Is 4750891 a composite number?
False
Is 8154719 a prime number?
False
Is 58344847 prime?
False
Is 1440533 composite?
False
Is 693359 composite?
False
Is 2360417 composite?
False
Is 35287678 composite?
True
Is 91238219 composite?
False
Is 481218209 composite?
True
Is 9664349 a prime number?
True
Is 10995799 prime?
False
Is 326141 a composite number?
False
Is 5421659 a prime number?
True
Is 3996743 prime?
True
Is 1319501 composite?
True
Is 54144373 composite?
False
Is 31187353 prime?
True
Is 92215711 a composite number?
True
Is 1421309 a prime number?
True
Is 53763763 prime?
True
Is 188107 a prime number?
True
Is 554051 a composite number?
False
Is 8491367 a prime number?
False
Is 671311 a prime number?
False
Is 2710759 a composite number?
False
Is 3782519 composite?
True
Is 10109 a composite number?
True
Is 2994157 a prime number?
False
Is 383425169 a composite number?
False
Is 2217617 a composite number?
False
Is 143958653 a prime number?
False
Is 966583 a composite number?
False
Is 2939473 a prime number?
True
Is 83044907 a prime number?
False
Is 162883 a prime number?
False
Is 2742161 prime?
True
Is 848245 prime?
False
Is 1031537 a prime number?
False
Is 155807 composite?
True
Is 544310447 a composite number?
False
Is 11932247 a composite number?
True
Is 4669369 composite?
False
Is 4427491 prime?
True